n divisor of 128 and 1237184.
64
What is the highest common factor of 146522 and 1342?
122
Calculate the greatest common divisor of 529 and 79327.
23
Calculate the greatest common factor of 754 and 220951.
29
What is the greatest common factor of 9488 and 232?
8
What is the highest common divisor of 292 and 66868?
292
Calculate the highest common factor of 1441 and 66548.
131
Calculate the greatest common factor of 1283838 and 6.
6
Calculate the greatest common divisor of 16 and 40704.
16
What is the greatest common divisor of 941268 and 12?
12
What is the highest common factor of 670253 and 359?
359
What is the greatest common factor of 240 and 37980?
60
Calculate the greatest common divisor of 871 and 9412.
13
What is the greatest common factor of 5332 and 7740?
172
Calculate the highest common factor of 217455 and 14763.
399
What is the highest common factor of 14105 and 170872?
403
What is the highest common factor of 1572864 and 240?
48
Calculate the greatest common divisor of 45 and 4545.
45
What is the greatest common divisor of 1122 and 10506?
102
Calculate the greatest common divisor of 275077 and 22.
11
Calculate the highest common divisor of 237200 and 1600.
400
Calculate the greatest common factor of 2561 and 193651.
197
Calculate the highest common divisor of 89871 and 145.
29
Calculate the greatest common factor of 1040 and 133520.
80
What is the highest common factor of 78 and 903123?
39
What is the highest common factor of 64 and 71884?
4
Calculate the highest common divisor of 850 and 12682.
34
Calculate the greatest common factor of 87662 and 530.
106
What is the greatest common divisor of 762 and 618?
6
Calculate the highest common divisor of 1748580 and 40.
20
What is the highest common factor of 90 and 35390?
10
What is the greatest common divisor of 4576 and 13519?
11
Calculate the highest common divisor of 70 and 616570.
10
What is the greatest common factor of 132 and 255332?
44
What is the greatest common factor of 172588 and 52?
52
What is the highest common divisor of 11723 and 3116?
19
What is the highest common divisor of 15 and 443?
1
What is the greatest common factor of 22403 and 559?
43
What is the highest common divisor of 2147062 and 214?
214
What is the highest common divisor of 13034 and 57?
19
What is the highest common divisor of 2717 and 10621?
247
Calculate the highest common factor of 29829 and 2379.
183
What is the highest common divisor of 539 and 2453?
11
Calculate the highest common factor of 8208 and 1332.
36
Calculate the greatest common factor of 13 and 274313.
13
What is the greatest common divisor of 361 and 218177?
19
What is the greatest common factor of 704619 and 135?
27
Calculate the highest common factor of 6463 and 8027.
23
Calculate the highest common divisor of 14 and 89187.
7
What is the greatest common divisor of 251225 and 260?
65
Calculate the highest common factor of 6 and 3634.
2
What is the greatest common factor of 660 and 38060?
220
Calculate the greatest common divisor of 3982 and 113306.
362
What is the greatest common factor of 720 and 12345?
15
What is the highest common factor of 12114 and 34?
2
Calculate the greatest common divisor of 2739361 and 307.
307
Calculate the greatest common divisor of 2672830 and 690.
230
Calculate the greatest common factor of 261 and 17973.
9
What is the highest common factor of 28 and 103362?
14
Calculate the highest common divisor of 75681 and 837.
27
What is the greatest common factor of 2410 and 3?
1
Calculate the greatest common divisor of 14592 and 57.
57
What is the highest common divisor of 2651 and 6507?
241
Calculate the highest common factor of 400 and 2687600.
400
What is the greatest common divisor of 4980 and 22020?
60
Calculate the highest common divisor of 14748 and 636.
12
Calculate the highest common factor of 207256 and 42.
14
Calculate the greatest common divisor of 24154 and 3341.
13
What is the highest common divisor of 1287 and 18?
9
What is the greatest common factor of 377 and 18937?
29
What is the highest common factor of 99006 and 9104?
1138
Calculate the highest common divisor of 2414 and 36636.
142
What is the highest common divisor of 208 and 441740?
52
What is the greatest common divisor of 895 and 409015?
895
Calculate the highest common divisor of 110 and 15961.
11
Calculate the highest common divisor of 329121 and 3016.
377
What is the greatest common factor of 7240 and 299555?
905
Calculate the highest common divisor of 499949 and 159.
53
Calculate the highest common factor of 60 and 276015.
15
What is the highest common factor of 50 and 1361740?
10
Calculate the highest common divisor of 818405 and 469.
469
What is the highest common factor of 6292 and 5057?
13
Calculate the greatest common factor of 159643 and 9465.
631
What is the highest common factor of 5989 and 30263?
53
Calculate the greatest common factor of 3348 and 2889.
27
What is the highest common factor of 39169 and 5773?
23
Calculate the highest common factor of 453 and 9211.
151
What is the greatest common factor of 84 and 21390?
6
Calculate the highest common factor of 59843 and 56.
7
Calculate the greatest common divisor of 16 and 2350.
2
Calculate the greatest common divisor of 4 and 7366.
2
Calculate the highest common divisor of 84 and 147273.
21
Calculate the greatest common factor of 124002 and 5229.
747
Calculate the highest common factor of 2292290 and 165.
55
What is the greatest common divisor of 82 and 2476236?
82
What is the greatest common divisor of 4152492 and 54?
54
What is the highest common factor of 1168966 and 446?
446
What is the highest common divisor of 107 and 2242613?
107
What is the greatest common factor of 38948 and 3640?
364
What is the greatest common divisor of 906 and 3831927?
453
What is the greatest common divisor of 297842 and 6?
2
Calculate the highest common factor of 705 and 2955.
15
What is the greatest common factor of 64537 and 11?
11
Calculate the greatest common divisor of 4 and 65996.
4
What is the greatest common divisor of 41791 and 299?
23
What is the highest common divisor of 21 and 44695?
7
Calculate the greatest common factor of 168 and 131964.
84
Calculate the greatest common factor of 31126 and 237.
79
What is the highest common factor of 1131 and 611117?
377
Calculate the highest common divisor of 73109 and 203.
29
Calculate the greatest common divisor of 1262 and 648037.
631
Calculate the highest common divisor of 99292 and 618.
206
Calculate the highest common factor of 7 and 1080646.
7
What is the highest common divisor of 810901 and 266?
133
Calculate the greatest common factor of 17 and 27523.
17
Calculate the highest common factor of 796 and 52.
4
Calculate the greatest common factor of 62650 and 70.
70
Calculate the greatest common factor of 4656 and 2551100.
388
Calculate the highest common divisor of 10175 and 2530.
55
What is the highest common factor of 27324 and 256014?
594
Calculate the highest common divisor of 3820 and 5500.
20
Calculate the greatest common factor of 264 and 15752.
88
Calculate the highest common divisor of 25392 and 1288.
184
What is the highest common factor of 80 and 343760?
80
What is the greatest common divisor of 1075840 and 640?
640
What is the greatest common factor of 5562 and 642?
6
Calculate the greatest common factor of 12782 and 163842.
1162
Calculate the highest common divisor of 120 and 859800.
120
Calculate the greatest common divisor of 76428 and 99.
99
What is the greatest common divisor of 384 and 79200?
96
Calculate the greatest common factor of 7686 and 29829.
183
Calculate the greatest common factor of 14352 and 2368.
16
What is the highest common factor of 1573 and 20933?
121
Calculate the greatest common divisor of 50050 and 2990.
130
Calculate the highest common factor of 8732 and 2714.
118
What is the highest common divisor of 1 and 5507?
1
Calculate the greatest common divisor of 35 and 1633261.
7
Calculate the highest common factor of 3762 and 3204.
18
What is the highest common factor of 614 and 1387333?
307
What is the highest common factor of 6 and 4839?
3
Calculate the greatest common factor of 10797 and 19116.
177
What is the greatest common divisor of 594 and 36927?
99
Calculate the greatest common factor of 10920 and